{"id":59,"date":"2024-03-26T19:12:56","date_gmt":"2024-03-26T18:12:56","guid":{"rendered":"https:\/\/profilzieherei.1aus12.de\/?page_id=59"},"modified":"2025-10-20T10:57:33","modified_gmt":"2025-10-20T08:57:33","slug":"startseite","status":"publish","type":"page","link":"https:\/\/profilzieherei.de\/","title":{"rendered":"Startseite"},"content":{"rendered":"\n<div class=\"wp-block-group is-vertical is-layout-flex wp-container-core-group-is-layout-fe9cc265 wp-block-group-is-layout-flex\">\n<p class=\"has-text-align-center has-large-font-size\">Herzlich Willlkommen auf unserer Homepage<\/p>\n\n\n\n<p>Die Profilzieherei stellt Profile und Maschinenteile aus verschiedenen Metallen her. Erfahren Sie auf den folgenden Seiten N\u00e4heres \u00fcber unser Unternehmen, unsere Leistungen und L\u00f6sungen, sowie \u00fcber Karrierem\u00f6glichkeiten bei uns!<\/p>\n<\/div>\n\n\n\n<h2 class=\"wp-block-heading has-text-align-center\">So erreichen Sie uns<\/h2>\n\n\n\n<div class=\"wp-block-group alignwide is-layout-flow wp-block-group-is-layout-flow\">\n<div class=\"wp-block-columns is-layout-flex wp-container-core-columns-is-layout-65eef5bf wp-block-columns-is-layout-flex\">\n<div class=\"wp-block-column is-layout-flow wp-block-column-is-layout-flow\" style=\"padding-top:var(--wp--preset--spacing--small);padding-right:var(--wp--preset--spacing--small);padding-bottom:var(--wp--preset--spacing--small);padding-left:var(--wp--preset--spacing--small)\">\n<div class=\"wp-block-group has-global-padding is-layout-constrained wp-container-core-group-is-layout-19e250f3 wp-block-group-is-layout-constrained\">\n<figure class=\"wp-block-image aligncenter size-large svg-action\"><a href=\"mailto:profilzieherei@freenet.de\"><img loading=\"lazy\" decoding=\"async\" width=\"24\" height=\"24\" src=\"https:\/\/profilzieherei.de\/wp-content\/uploads\/2024\/12\/mail.svg\" alt=\"\" class=\"wp-image-149\"\/><\/a><\/figure>\n\n\n\n<p class=\"has-text-align-center has-large-font-size\" style=\"font-style:normal;font-weight:500\"><a href=\"mailto:profilzieherei@freenet.de\">profilzieherei@freenet.de<\/a><\/p>\n<\/div>\n<\/div>\n\n\n\n<div class=\"wp-block-column is-layout-flow wp-block-column-is-layout-flow\" style=\"padding-top:var(--wp--preset--spacing--small);padding-right:var(--wp--preset--spacing--small);padding-bottom:var(--wp--preset--spacing--small);padding-left:var(--wp--preset--spacing--small)\">\n<div class=\"wp-block-group has-global-padding is-layout-constrained wp-container-core-group-is-layout-19e250f3 wp-block-group-is-layout-constrained\">\n<figure class=\"wp-block-image aligncenter size-large svg-action\"><a href=\"tel:0373122786\"><img loading=\"lazy\" decoding=\"async\" width=\"24\" height=\"24\" src=\"https:\/\/profilzieherei.de\/wp-content\/uploads\/2024\/12\/phone-call.svg\" alt=\"\" class=\"wp-image-148\"\/><\/a><\/figure>\n\n\n\n<p class=\"has-text-align-center has-large-font-size\" style=\"font-style:normal;font-weight:500\"><a href=\"tel:0373122786\">03731\/22786<\/a><\/p>\n<\/div>\n<\/div>\n\n\n\n<div class=\"wp-block-column is-layout-flow wp-block-column-is-layout-flow\" style=\"padding-top:var(--wp--preset--spacing--small);padding-right:var(--wp--preset--spacing--small);padding-bottom:var(--wp--preset--spacing--small);padding-left:var(--wp--preset--spacing--small)\">\n<div class=\"wp-block-group has-global-padding is-layout-constrained wp-container-core-group-is-layout-19e250f3 wp-block-group-is-layout-constrained\">\n<figure class=\"wp-block-image aligncenter size-large svg-action\"><a href=\"https:\/\/maps.app.goo.gl\/xzEPhCBDpkpAacbt8\"><img loading=\"lazy\" decoding=\"async\" width=\"24\" height=\"24\" src=\"https:\/\/profilzieherei.de\/wp-content\/uploads\/2024\/12\/map-location-pin.svg\" alt=\"\" class=\"wp-image-150\"\/><\/a><\/figure>\n\n\n\n<p class=\"has-text-align-center has-large-font-size\" style=\"font-style:normal;font-weight:500\"><a href=\"https:\/\/maps.app.goo.gl\/xzEPhCBDpkpAacbt8\">Profilzieherei Kr\u00fcger<br>Zuger Stra\u00dfe 42<br>09599 Freiberg<\/a><\/p>\n<\/div>\n<\/div>\n<\/div>\n<\/div>\n\n\n\n<div class=\"wp-block-columns alignwide is-layout-flex wp-container-core-columns-is-layout-9c22b1e3 wp-block-columns-is-layout-flex\">\n<div class=\"wp-block-column is-layout-flow wp-container-core-column-is-layout-478c97d0 wp-block-column-is-layout-flow\" style=\"padding-top:var(--wp--preset--spacing--x-small);padding-right:var(--wp--preset--spacing--x-small);padding-bottom:var(--wp--preset--spacing--x-small);padding-left:var(--wp--preset--spacing--x-small)\">\n<h2 class=\"wp-block-heading has-text-align-center\">Unser Unternehmen<\/h2>\n\n\n\n<figure data-wp-context=\"{&quot;imageId&quot;:&quot;6a05b4950e4c8&quot;}\" data-wp-interactive=\"core\/image\" data-wp-key=\"6a05b4950e4c8\" class=\"wp-block-image size-medium wp-lightbox-container\" style=\"margin-right:0;margin-left:0\"><img loading=\"lazy\" decoding=\"async\" width=\"300\" height=\"196\" data-wp-class--hide=\"state.isContentHidden\" data-wp-class--show=\"state.isContentVisible\" data-wp-init=\"callbacks.setButtonStyles\" data-wp-on--click=\"actions.showLightbox\" data-wp-on--load=\"callbacks.setButtonStyles\" data-wp-on-window--resize=\"callbacks.setButtonStyles\" src=\"https:\/\/profilzieherei.de\/wp-content\/uploads\/2024\/03\/profilzieherei-300x196.jpg\" alt=\"\" class=\"wp-image-61\" style=\"aspect-ratio:16\/9;object-fit:cover\" srcset=\"https:\/\/profilzieherei.de\/wp-content\/uploads\/2024\/03\/profilzieherei-300x196.jpg 300w, https:\/\/profilzieherei.de\/wp-content\/uploads\/2024\/03\/profilzieherei.jpg 336w\" sizes=\"auto, (max-width: 300px) 100vw, 300px\" \/><button\n\t\t\tclass=\"lightbox-trigger\"\n\t\t\ttype=\"button\"\n\t\t\taria-haspopup=\"dialog\"\n\t\t\taria-label=\"Vergr\u00f6\u00dfern\"\n\t\t\tdata-wp-init=\"callbacks.initTriggerButton\"\n\t\t\tdata-wp-on--click=\"actions.showLightbox\"\n\t\t\tdata-wp-style--right=\"state.imageButtonRight\"\n\t\t\tdata-wp-style--top=\"state.imageButtonTop\"\n\t\t>\n\t\t\t<svg xmlns=\"http:\/\/www.w3.org\/2000\/svg\" width=\"12\" height=\"12\" fill=\"none\" viewBox=\"0 0 12 12\">\n\t\t\t\t<path fill=\"#fff\" d=\"M2 0a2 2 0 0 0-2 2v2h1.5V2a.5.5 0 0 1 .5-.5h2V0H2Zm2 10.5H2a.5.5 0 0 1-.5-.5V8H0v2a2 2 0 0 0 2 2h2v-1.5ZM8 12v-1.5h2a.5.5 0 0 0 .5-.5V8H12v2a2 2 0 0 1-2 2H8Zm2-12a2 2 0 0 1 2 2v2h-1.5V2a.5.5 0 0 0-.5-.5H8V0h2Z\" \/>\n\t\t\t<\/svg>\n\t\t<\/button><\/figure>\n\n\n\n<p>1929 wurde die &#8222;Profilzieherei am Turmhofschacht&#8220; von den Gebr\u00fcdern Klemm gegr\u00fcndet &#8211; die Gr\u00fcnder arbeiteten selbst bereits seit 1901 in Freibergs erster Profilzieherei auf der Olbernhauer Strasse.<\/p>\n\n\n\n<p>Sechs Jahre nach der Gr\u00fcndung erfolgte 1935 der Umzug des Betriebes zum jetzigen Standpunkt an die Zuger Strasse.<\/p>\n\n\n\n<p>1964 wurde die Profilzieherei verstaatlicht und geh\u00f6rte von da an zum VEB Buchbindereimaschinen &#8211; Kombinat Leipzig<\/p>\n\n\n\n<p>Am 01.06.1991 erwarb die Familie Kr\u00fcger die Firma, die seitdem &#8222;Profilzieherei Kr\u00fcger&#8220; heisst.<\/p>\n\n\n\n<figure class=\"wp-block-image size-large\"><a href=\"https:\/\/profilzieherei.de\/wp-content\/uploads\/2025\/10\/ICG-15-09-2024.pdf\"><img loading=\"lazy\" decoding=\"async\" width=\"745\" height=\"1024\" src=\"https:\/\/profilzieherei.de\/wp-content\/uploads\/2025\/10\/ICG15-09-2024-745x1024.png\" alt=\"\" class=\"wp-image-195\" srcset=\"https:\/\/profilzieherei.de\/wp-content\/uploads\/2025\/10\/ICG15-09-2024-745x1024.png 745w, https:\/\/profilzieherei.de\/wp-content\/uploads\/2025\/10\/ICG15-09-2024-218x300.png 218w, https:\/\/profilzieherei.de\/wp-content\/uploads\/2025\/10\/ICG15-09-2024-768x1056.png 768w, https:\/\/profilzieherei.de\/wp-content\/uploads\/2025\/10\/ICG15-09-2024.png 1000w\" sizes=\"auto, (max-width: 745px) 100vw, 745px\" \/><\/a><\/figure>\n<\/div>\n\n\n\n<div class=\"wp-block-column has-neutral-background-color has-background is-layout-flow wp-container-core-column-is-layout-478c97d0 wp-block-column-is-layout-flow\" style=\"padding-top:var(--wp--preset--spacing--x-small);padding-right:var(--wp--preset--spacing--x-small);padding-bottom:var(--wp--preset--spacing--x-small);padding-left:var(--wp--preset--spacing--x-small)\">\n<h2 class=\"wp-block-heading has-text-align-center\">Unsere Leistungen<\/h2>\n\n\n\n<figure data-wp-context=\"{&quot;imageId&quot;:&quot;6a05b4950e8ae&quot;}\" data-wp-interactive=\"core\/image\" data-wp-key=\"6a05b4950e8ae\" class=\"wp-block-image size-large wp-lightbox-container\" style=\"margin-right:0;margin-left:0\"><img loading=\"lazy\" decoding=\"async\" width=\"1024\" height=\"683\" data-wp-class--hide=\"state.isContentHidden\" data-wp-class--show=\"state.isContentVisible\" data-wp-init=\"callbacks.setButtonStyles\" data-wp-on--click=\"actions.showLightbox\" data-wp-on--load=\"callbacks.setButtonStyles\" data-wp-on-window--resize=\"callbacks.setButtonStyles\" src=\"https:\/\/profilzieherei.de\/wp-content\/uploads\/2024\/12\/IMG_1369-b-1024x683.jpg\" alt=\"\" class=\"wp-image-135\" style=\"aspect-ratio:16\/9;object-fit:cover\" srcset=\"https:\/\/profilzieherei.de\/wp-content\/uploads\/2024\/12\/IMG_1369-b-1024x683.jpg 1024w, https:\/\/profilzieherei.de\/wp-content\/uploads\/2024\/12\/IMG_1369-b-300x200.jpg 300w, https:\/\/profilzieherei.de\/wp-content\/uploads\/2024\/12\/IMG_1369-b-768x512.jpg 768w, https:\/\/profilzieherei.de\/wp-content\/uploads\/2024\/12\/IMG_1369-b-1536x1024.jpg 1536w, https:\/\/profilzieherei.de\/wp-content\/uploads\/2024\/12\/IMG_1369-b-2048x1365.jpg 2048w\" sizes=\"auto, (max-width: 1024px) 100vw, 1024px\" \/><button\n\t\t\tclass=\"lightbox-trigger\"\n\t\t\ttype=\"button\"\n\t\t\taria-haspopup=\"dialog\"\n\t\t\taria-label=\"Vergr\u00f6\u00dfern\"\n\t\t\tdata-wp-init=\"callbacks.initTriggerButton\"\n\t\t\tdata-wp-on--click=\"actions.showLightbox\"\n\t\t\tdata-wp-style--right=\"state.imageButtonRight\"\n\t\t\tdata-wp-style--top=\"state.imageButtonTop\"\n\t\t>\n\t\t\t<svg xmlns=\"http:\/\/www.w3.org\/2000\/svg\" width=\"12\" height=\"12\" fill=\"none\" viewBox=\"0 0 12 12\">\n\t\t\t\t<path fill=\"#fff\" d=\"M2 0a2 2 0 0 0-2 2v2h1.5V2a.5.5 0 0 1 .5-.5h2V0H2Zm2 10.5H2a.5.5 0 0 1-.5-.5V8H0v2a2 2 0 0 0 2 2h2v-1.5ZM8 12v-1.5h2a.5.5 0 0 0 .5-.5V8H12v2a2 2 0 0 1-2 2H8Zm2-12a2 2 0 0 1 2 2v2h-1.5V2a.5.5 0 0 0-.5-.5H8V0h2Z\" \/>\n\t\t\t<\/svg>\n\t\t<\/button><\/figure>\n\n\n\n<p>Wir fertigen Aluminium-, Messing- und Stahlprofile in jeder von Ihnen gew\u00fcnschten Anzahl, Form, Gr\u00f6\u00dfe und Abmessung ab einer Stange.<\/p>\n\n\n\n<p>Stahlprofile werden auf Wunsch auch w\u00e4rmebehandelt (spannungsfrei gegl\u00fcht und gebeizt). Die Profile k\u00f6nnen auch als Abschnitt ges\u00e4gt und entgratet werden. Alle Profile verarbeiten wir st\u00fcckzahlgerecht auf L\u00e4nge, einschlie\u00dflich der Endfertigung wie Bohren, Fr\u00e4sen, Schleifen und Gewindeschneiden.<\/p>\n\n\n\n<p>Auf Wunsch f\u00fchren wir auch eine Oberfl\u00e4chenbehandlung durch, so k\u00f6nnen Aluminiumteile verschiedenfarbig eloxiert werden oder Stahlteile br\u00fcniert, phosphatiert und galvanisch verzinkt werden.<\/p>\n\n\n\n<figure data-wp-context=\"{&quot;imageId&quot;:&quot;6a05b4950eb75&quot;}\" data-wp-interactive=\"core\/image\" data-wp-key=\"6a05b4950eb75\" class=\"wp-block-image size-large wp-lightbox-container\"><img loading=\"lazy\" decoding=\"async\" width=\"1024\" height=\"683\" data-wp-class--hide=\"state.isContentHidden\" data-wp-class--show=\"state.isContentVisible\" data-wp-init=\"callbacks.setButtonStyles\" data-wp-on--click=\"actions.showLightbox\" data-wp-on--load=\"callbacks.setButtonStyles\" data-wp-on-window--resize=\"callbacks.setButtonStyles\" src=\"https:\/\/profilzieherei.de\/wp-content\/uploads\/2024\/12\/IMG_1389-b-1024x683.jpg\" alt=\"\" class=\"wp-image-131\" srcset=\"https:\/\/profilzieherei.de\/wp-content\/uploads\/2024\/12\/IMG_1389-b-1024x683.jpg 1024w, https:\/\/profilzieherei.de\/wp-content\/uploads\/2024\/12\/IMG_1389-b-300x200.jpg 300w, https:\/\/profilzieherei.de\/wp-content\/uploads\/2024\/12\/IMG_1389-b-768x512.jpg 768w, https:\/\/profilzieherei.de\/wp-content\/uploads\/2024\/12\/IMG_1389-b-1536x1024.jpg 1536w, https:\/\/profilzieherei.de\/wp-content\/uploads\/2024\/12\/IMG_1389-b-2048x1365.jpg 2048w\" sizes=\"auto, (max-width: 1024px) 100vw, 1024px\" \/><button\n\t\t\tclass=\"lightbox-trigger\"\n\t\t\ttype=\"button\"\n\t\t\taria-haspopup=\"dialog\"\n\t\t\taria-label=\"Vergr\u00f6\u00dfern\"\n\t\t\tdata-wp-init=\"callbacks.initTriggerButton\"\n\t\t\tdata-wp-on--click=\"actions.showLightbox\"\n\t\t\tdata-wp-style--right=\"state.imageButtonRight\"\n\t\t\tdata-wp-style--top=\"state.imageButtonTop\"\n\t\t>\n\t\t\t<svg xmlns=\"http:\/\/www.w3.org\/2000\/svg\" width=\"12\" height=\"12\" fill=\"none\" viewBox=\"0 0 12 12\">\n\t\t\t\t<path fill=\"#fff\" d=\"M2 0a2 2 0 0 0-2 2v2h1.5V2a.5.5 0 0 1 .5-.5h2V0H2Zm2 10.5H2a.5.5 0 0 1-.5-.5V8H0v2a2 2 0 0 0 2 2h2v-1.5ZM8 12v-1.5h2a.5.5 0 0 0 .5-.5V8H12v2a2 2 0 0 1-2 2H8Zm2-12a2 2 0 0 1 2 2v2h-1.5V2a.5.5 0 0 0-.5-.5H8V0h2Z\" \/>\n\t\t\t<\/svg>\n\t\t<\/button><\/figure>\n<\/div>\n\n\n\n<div class=\"wp-block-column is-layout-flow wp-container-core-column-is-layout-478c97d0 wp-block-column-is-layout-flow\" style=\"padding-top:var(--wp--preset--spacing--x-small);padding-right:var(--wp--preset--spacing--x-small);padding-bottom:var(--wp--preset--spacing--x-small);padding-left:var(--wp--preset--spacing--x-small)\">\n<h2 class=\"wp-block-heading has-text-align-center\">Individuelle L\u00f6sungen<\/h2>\n\n\n\n<figure data-wp-context=\"{&quot;imageId&quot;:&quot;6a05b4950ee8f&quot;}\" data-wp-interactive=\"core\/image\" data-wp-key=\"6a05b4950ee8f\" class=\"wp-block-image size-large wp-lightbox-container\" style=\"margin-right:0;margin-left:0\"><img loading=\"lazy\" decoding=\"async\" width=\"1024\" height=\"683\" data-wp-class--hide=\"state.isContentHidden\" data-wp-class--show=\"state.isContentVisible\" data-wp-init=\"callbacks.setButtonStyles\" data-wp-on--click=\"actions.showLightbox\" data-wp-on--load=\"callbacks.setButtonStyles\" data-wp-on-window--resize=\"callbacks.setButtonStyles\" src=\"https:\/\/profilzieherei.de\/wp-content\/uploads\/2024\/12\/IMG_4730-b-1024x683.jpg\" alt=\"\" class=\"wp-image-129\" style=\"aspect-ratio:16\/9;object-fit:cover\" srcset=\"https:\/\/profilzieherei.de\/wp-content\/uploads\/2024\/12\/IMG_4730-b-1024x683.jpg 1024w, https:\/\/profilzieherei.de\/wp-content\/uploads\/2024\/12\/IMG_4730-b-300x200.jpg 300w, https:\/\/profilzieherei.de\/wp-content\/uploads\/2024\/12\/IMG_4730-b-768x512.jpg 768w, https:\/\/profilzieherei.de\/wp-content\/uploads\/2024\/12\/IMG_4730-b-1536x1024.jpg 1536w, https:\/\/profilzieherei.de\/wp-content\/uploads\/2024\/12\/IMG_4730-b-2048x1365.jpg 2048w\" sizes=\"auto, (max-width: 1024px) 100vw, 1024px\" \/><button\n\t\t\tclass=\"lightbox-trigger\"\n\t\t\ttype=\"button\"\n\t\t\taria-haspopup=\"dialog\"\n\t\t\taria-label=\"Vergr\u00f6\u00dfern\"\n\t\t\tdata-wp-init=\"callbacks.initTriggerButton\"\n\t\t\tdata-wp-on--click=\"actions.showLightbox\"\n\t\t\tdata-wp-style--right=\"state.imageButtonRight\"\n\t\t\tdata-wp-style--top=\"state.imageButtonTop\"\n\t\t>\n\t\t\t<svg xmlns=\"http:\/\/www.w3.org\/2000\/svg\" width=\"12\" height=\"12\" fill=\"none\" viewBox=\"0 0 12 12\">\n\t\t\t\t<path fill=\"#fff\" d=\"M2 0a2 2 0 0 0-2 2v2h1.5V2a.5.5 0 0 1 .5-.5h2V0H2Zm2 10.5H2a.5.5 0 0 1-.5-.5V8H0v2a2 2 0 0 0 2 2h2v-1.5ZM8 12v-1.5h2a.5.5 0 0 0 .5-.5V8H12v2a2 2 0 0 1-2 2H8Zm2-12a2 2 0 0 1 2 2v2h-1.5V2a.5.5 0 0 0-.5-.5H8V0h2Z\" \/>\n\t\t\t<\/svg>\n\t\t<\/button><\/figure>\n\n\n\n<p>Spezialprofile sind unsere St\u00e4rke!<\/p>\n\n\n\n<p>Wir realisieren jede technisch machbare Form auf Kundenwunsch, liefern Spezialprofile und Halbzeuge innerhalb und au\u00dferhalb der DIN-Norm und Spezialprofile mit unregelm\u00e4\u00dfigen Querschnitten wie zum Beispiel mit engen Nuten, d\u00fcnnen Nasen und feinen Riffelungen.<\/p>\n\n\n\n<p>Die Auslieferung erfolgt bei uns auch in Kleinstmengen.<\/p>\n\n\n\n<div class=\"wp-block-group is-nowrap is-layout-flex wp-container-core-group-is-layout-6c531013 wp-block-group-is-layout-flex\">\n<figure data-wp-context=\"{&quot;imageId&quot;:&quot;6a05b4950f119&quot;}\" data-wp-interactive=\"core\/image\" data-wp-key=\"6a05b4950f119\" class=\"wp-block-image size-large wp-lightbox-container\"><img loading=\"lazy\" decoding=\"async\" width=\"1024\" height=\"683\" data-wp-class--hide=\"state.isContentHidden\" data-wp-class--show=\"state.isContentVisible\" data-wp-init=\"callbacks.setButtonStyles\" data-wp-on--click=\"actions.showLightbox\" data-wp-on--load=\"callbacks.setButtonStyles\" data-wp-on-window--resize=\"callbacks.setButtonStyles\" src=\"https:\/\/profilzieherei.de\/wp-content\/uploads\/2024\/12\/IMG_4735-b-1024x683.jpg\" alt=\"\" class=\"wp-image-130\" srcset=\"https:\/\/profilzieherei.de\/wp-content\/uploads\/2024\/12\/IMG_4735-b-1024x683.jpg 1024w, https:\/\/profilzieherei.de\/wp-content\/uploads\/2024\/12\/IMG_4735-b-300x200.jpg 300w, https:\/\/profilzieherei.de\/wp-content\/uploads\/2024\/12\/IMG_4735-b-768x512.jpg 768w, https:\/\/profilzieherei.de\/wp-content\/uploads\/2024\/12\/IMG_4735-b-1536x1024.jpg 1536w, https:\/\/profilzieherei.de\/wp-content\/uploads\/2024\/12\/IMG_4735-b-2048x1365.jpg 2048w\" sizes=\"auto, (max-width: 1024px) 100vw, 1024px\" \/><button\n\t\t\tclass=\"lightbox-trigger\"\n\t\t\ttype=\"button\"\n\t\t\taria-haspopup=\"dialog\"\n\t\t\taria-label=\"Vergr\u00f6\u00dfern\"\n\t\t\tdata-wp-init=\"callbacks.initTriggerButton\"\n\t\t\tdata-wp-on--click=\"actions.showLightbox\"\n\t\t\tdata-wp-style--right=\"state.imageButtonRight\"\n\t\t\tdata-wp-style--top=\"state.imageButtonTop\"\n\t\t>\n\t\t\t<svg xmlns=\"http:\/\/www.w3.org\/2000\/svg\" width=\"12\" height=\"12\" fill=\"none\" viewBox=\"0 0 12 12\">\n\t\t\t\t<path fill=\"#fff\" d=\"M2 0a2 2 0 0 0-2 2v2h1.5V2a.5.5 0 0 1 .5-.5h2V0H2Zm2 10.5H2a.5.5 0 0 1-.5-.5V8H0v2a2 2 0 0 0 2 2h2v-1.5ZM8 12v-1.5h2a.5.5 0 0 0 .5-.5V8H12v2a2 2 0 0 1-2 2H8Zm2-12a2 2 0 0 1 2 2v2h-1.5V2a.5.5 0 0 0-.5-.5H8V0h2Z\" \/>\n\t\t\t<\/svg>\n\t\t<\/button><\/figure>\n\n\n\n<figure data-wp-context=\"{&quot;imageId&quot;:&quot;6a05b4950f3c9&quot;}\" data-wp-interactive=\"core\/image\" data-wp-key=\"6a05b4950f3c9\" class=\"wp-block-image size-large wp-lightbox-container\"><img loading=\"lazy\" decoding=\"async\" width=\"1024\" height=\"683\" data-wp-class--hide=\"state.isContentHidden\" data-wp-class--show=\"state.isContentVisible\" data-wp-init=\"callbacks.setButtonStyles\" data-wp-on--click=\"actions.showLightbox\" data-wp-on--load=\"callbacks.setButtonStyles\" data-wp-on-window--resize=\"callbacks.setButtonStyles\" src=\"https:\/\/profilzieherei.de\/wp-content\/uploads\/2024\/12\/IMG_4737-b-1024x683.jpg\" alt=\"\" class=\"wp-image-127\" srcset=\"https:\/\/profilzieherei.de\/wp-content\/uploads\/2024\/12\/IMG_4737-b-1024x683.jpg 1024w, https:\/\/profilzieherei.de\/wp-content\/uploads\/2024\/12\/IMG_4737-b-300x200.jpg 300w, https:\/\/profilzieherei.de\/wp-content\/uploads\/2024\/12\/IMG_4737-b-768x512.jpg 768w, https:\/\/profilzieherei.de\/wp-content\/uploads\/2024\/12\/IMG_4737-b-1536x1024.jpg 1536w, https:\/\/profilzieherei.de\/wp-content\/uploads\/2024\/12\/IMG_4737-b-2048x1365.jpg 2048w\" sizes=\"auto, (max-width: 1024px) 100vw, 1024px\" \/><button\n\t\t\tclass=\"lightbox-trigger\"\n\t\t\ttype=\"button\"\n\t\t\taria-haspopup=\"dialog\"\n\t\t\taria-label=\"Vergr\u00f6\u00dfern\"\n\t\t\tdata-wp-init=\"callbacks.initTriggerButton\"\n\t\t\tdata-wp-on--click=\"actions.showLightbox\"\n\t\t\tdata-wp-style--right=\"state.imageButtonRight\"\n\t\t\tdata-wp-style--top=\"state.imageButtonTop\"\n\t\t>\n\t\t\t<svg xmlns=\"http:\/\/www.w3.org\/2000\/svg\" width=\"12\" height=\"12\" fill=\"none\" viewBox=\"0 0 12 12\">\n\t\t\t\t<path fill=\"#fff\" d=\"M2 0a2 2 0 0 0-2 2v2h1.5V2a.5.5 0 0 1 .5-.5h2V0H2Zm2 10.5H2a.5.5 0 0 1-.5-.5V8H0v2a2 2 0 0 0 2 2h2v-1.5ZM8 12v-1.5h2a.5.5 0 0 0 .5-.5V8H12v2a2 2 0 0 1-2 2H8Zm2-12a2 2 0 0 1 2 2v2h-1.5V2a.5.5 0 0 0-.5-.5H8V0h2Z\" \/>\n\t\t\t<\/svg>\n\t\t<\/button><\/figure>\n<\/div>\n<\/div>\n<\/div>\n","protected":false},"excerpt":{"rendered":"<p>Herzlich Willlkommen auf unserer Homepage Die Profilzieherei stellt Profile und Maschinenteile aus verschiedenen Metallen her. Erfahren Sie auf den folgenden Seiten N\u00e4heres \u00fcber unser Unternehmen, unsere Leistungen und L\u00f6sungen, sowie \u00fcber Karrierem\u00f6glichkeiten bei uns! So erreichen Sie uns profilzieherei@freenet.de 03731\/22786 Profilzieherei Kr\u00fcgerZuger Stra\u00dfe 4209599 Freiberg Unser Unternehmen 1929 wurde die &#8222;Profilzieherei am Turmhofschacht&#8220; von den [&hellip;]<\/p>\n","protected":false},"author":1,"featured_media":0,"parent":0,"menu_order":0,"comment_status":"closed","ping_status":"closed","template":"","meta":{"footnotes":""},"class_list":["post-59","page","type-page","status-publish","hentry"],"_links":{"self":[{"href":"https:\/\/profilzieherei.de\/index.php\/wp-json\/wp\/v2\/pages\/59","targetHints":{"allow":["GET"]}}],"collection":[{"href":"https:\/\/profilzieherei.de\/index.php\/wp-json\/wp\/v2\/pages"}],"about":[{"href":"https:\/\/profilzieherei.de\/index.php\/wp-json\/wp\/v2\/types\/page"}],"author":[{"embeddable":true,"href":"https:\/\/profilzieherei.de\/index.php\/wp-json\/wp\/v2\/users\/1"}],"replies":[{"embeddable":true,"href":"https:\/\/profilzieherei.de\/index.php\/wp-json\/wp\/v2\/comments?post=59"}],"version-history":[{"count":34,"href":"https:\/\/profilzieherei.de\/index.php\/wp-json\/wp\/v2\/pages\/59\/revisions"}],"predecessor-version":[{"id":196,"href":"https:\/\/profilzieherei.de\/index.php\/wp-json\/wp\/v2\/pages\/59\/revisions\/196"}],"wp:attachment":[{"href":"https:\/\/profilzieherei.de\/index.php\/wp-json\/wp\/v2\/media?parent=59"}],"curies":[{"name":"wp","href":"https:\/\/api.w.org\/{rel}","templated":true}]}}